{"id":11,"date":"2023-05-24T20:17:37","date_gmt":"2023-05-24T18:17:37","guid":{"rendered":"http:\/\/oom2023mtbxco.rewosport.pl\/index.php\/mesmerize\/"},"modified":"2023-07-17T18:08:07","modified_gmt":"2023-07-17T16:08:07","slug":"mesmerize","status":"publish","type":"page","link":"https:\/\/oom2023mtbxco.rewosport.pl\/","title":{"rendered":"Front Page"},"content":{"rendered":"<div  id=\"overlappable-4\" style=\"background-color: #ffffff;\" data-label=\"Overlappable\" data-id=\"overlappable-4\" data-export-id=\"overlappable-4\" data-category=\"overlappable\" class=\"overlappable-4 content-section content-section-spacing\" data-overlap=\"true\"><div  class=\"gridContainer\"> <div  data-type=\"row\" class=\"row spaced-cols text-center\"><div  class=\"col-xs-12 col-sm-4 col-padding\"> <i  class=\"fa icon shadow-large-black aligncenter color1 fa-bicycle reverse round large\"><\/i> <div  data-type=\"column\" class=\"\"> <h5  class=\"\">kolarstwo g\u00f3rskie \u2013 cross country<\/h5> <p  class=\"\">Fina\u0142owe zawody MTB XCO Og\u00f3lnopolskiej Olimpiady M\u0142odzie\u017cy w sportach letnich \u2013 \u015al\u0105skie 2023<\/p><\/div> <\/div> <div  class=\"col-xs-12 col-sm-4 col-padding\"> <i  class=\"fa icon shadow-large-black aligncenter color1 fa-map-marker reverse round large\"><\/i> <div  data-type=\"column\" class=\"\"><h5  class=\"\">Wis\u0142a \u2013 Nowa Osada<\/h5> <p  class=\"\">Lokalizacja: WIS\u0141A, woj. \u015bl\u0105skie\n<br >O\u015brodek Narciarski &amp; Bike Park \n<br >NOWA OSADA<\/p><\/div> <\/div> <div  class=\"col-xs-12 col-sm-4 col-padding\"> <i  class=\"fa icon shadow-large-black aligncenter color1 fa-clock-o reverse round large\"><\/i> <div  data-type=\"column\" class=\"\"><h5  class=\"\">8.07.2023<\/h5> <p  class=\"\">Termin:&nbsp;<br >7.07.2023 \u2013 oficjalny trening<br >8.07.2023 \u2013 wy\u015bcigi Juniorek M\u0142odszych i Junior\u00f3w M\u0142odszych o tytu\u0142y Mistrza Polski<\/p><\/div> <\/div><\/div> <\/div><\/div><div  data-label=\"Clients\" data-id=\"clients--1\" data-export-id=\"clients-4\" data-category=\"clients\" class=\"clients-4 content-section content-section-spacing-small\" id=\"clients-1\" style=\"background-color: rgb(255, 255, 255); background-image: none;\"><div  class=\"gridContainer\"> <div  class=\"row\"><div  data-type=\"column\" class=\"section-title-col\"> <h2  class=\"font-700\">Organizatorzy &amp; Partnerzy<\/h2> <\/div> <\/div> <div  data-type=\"row\" class=\"row spaced-cols middle-xs center-xs space-bottom padding-lr\">  <div  class=\"col-xs-6 col-sm-2 col-md-2\"> <a data-cp-link=\"1\" href=\"https:\/\/www.gov.pl\/web\/sport\" class=\"\" target=\"_blank\" rel=\"noopener\"><img  decoding=\"async\" src=\"https:\/\/oom2023mtbxco.rewosport.pl\/wp-content\/uploads\/2023\/06\/logo-msit.png\" class=\"\" title=\"logo msit\" alt=\"\"><\/a><\/div> <div  class=\"col-xs-6 col-sm-2 col-md-2\"> <a data-cp-link=\"1\" href=\"https:\/\/www.slaskie.pl\" class=\"\" target=\"_blank\" rel=\"noopener\"><img  decoding=\"async\" src=\"https:\/\/oom2023mtbxco.rewosport.pl\/wp-content\/uploads\/2023\/06\/logo-woj_sl.png\" class=\"\" title=\"logo woj_sl\" alt=\"\"><\/a><\/div> <div  class=\"col-xs-6 col-sm-2 col-md-2\"> <a data-cp-link=\"1\" href=\"https:\/\/www.federacja.net.pl\" class=\"\" target=\"_blank\" rel=\"noopener\"><img  decoding=\"async\" src=\"https:\/\/oom2023mtbxco.rewosport.pl\/wp-content\/uploads\/2023\/06\/logo-sfs.png\" class=\"\" title=\"logo sfs\" alt=\"\"><\/a><\/div> <div  class=\"col-xs-6 col-sm-2 col-md-2\"> <a data-cp-link=\"1\" href=\"http:\/\/www.slzkol.pl\" class=\"\" target=\"_blank\" rel=\"noopener\"><img  decoding=\"async\" src=\"https:\/\/oom2023mtbxco.rewosport.pl\/wp-content\/uploads\/2023\/06\/logo-slzkol.jpg\" class=\"\" title=\"logo slzkol\" alt=\"\"><\/a><\/div>  <div  class=\"col-xs-6 col-sm-2 col-md-2\"> <a data-cp-link=\"1\" href=\"https:\/\/lato.nowaosada.pl\" class=\"\" target=\"_blank\" rel=\"noopener\"><img  decoding=\"async\" src=\"https:\/\/oom2023mtbxco.rewosport.pl\/wp-content\/uploads\/2023\/06\/logo-nowa-osada-2-kopia.png\" class=\"\" title=\"logo oom2023\" alt=\"\"><\/a><\/div><div  class=\"col-xs-6 col-sm-2 col-md-2\"> <a data-cp-link=\"1\" href=\"https:\/\/www.wisla.pl\" class=\"\" target=\"_blank\" rel=\"noopener\"><img  decoding=\"async\" src=\"https:\/\/oom2023mtbxco.rewosport.pl\/wp-content\/uploads\/2023\/06\/logo-wisla.jpg\" class=\"\" title=\"logo oom2023\" alt=\"\"><\/a><\/div><div  class=\"col-xs-6 col-sm-2 col-md-2\"> <a data-cp-link=\"1\" href=\"https:\/\/www.rewosport.pl\" class=\"\" target=\"_blank\" rel=\"noopener\"><img  decoding=\"async\" src=\"https:\/\/oom2023mtbxco.rewosport.pl\/wp-content\/uploads\/2023\/06\/logo-rewosport.jpg\" class=\"\" title=\"logo oom2023\" alt=\"\"><\/a><\/div><div  class=\"col-xs-6 col-sm-2 col-md-2\"> <a data-cp-link=\"1\" href=\"https:\/\/www.diagnostix.pl\" class=\"\" target=\"_blank\" rel=\"noopener\"><img  decoding=\"async\" src=\"https:\/\/oom2023mtbxco.rewosport.pl\/wp-content\/uploads\/2023\/06\/logo-diagnostix.jpg\" class=\"\" title=\"logo oom2023\" alt=\"\"><\/a><\/div><div  class=\"col-xs-6 col-sm-2 col-md-2\"> <a data-cp-link=\"1\" href=\"https:\/\/www.hotelpodium.pl\" class=\"\" target=\"_blank\" rel=\"noopener\"><img  decoding=\"async\" src=\"https:\/\/oom2023mtbxco.rewosport.pl\/wp-content\/uploads\/2023\/06\/logo-hotel-podium.jpg\" class=\"\" title=\"logo oom2023\" alt=\"\"><\/a><\/div><div  class=\"col-xs-6 col-sm-2 col-md-2\"> <a data-cp-link=\"1\" href=\"https:\/\/www.swiatprzygody.pl\" class=\"\" target=\"_blank\" rel=\"noopener\"><img  decoding=\"async\" src=\"https:\/\/oom2023mtbxco.rewosport.pl\/wp-content\/uploads\/2023\/06\/logo-xtraining.jpg\" class=\"\" title=\"logo oom2023\" alt=\"\"><\/a><\/div><div  class=\"col-xs-6 col-sm-2 col-md-2\"> <a data-cp-link=\"1\" href=\"http:\/\/klos.wisla.pl\" class=\"\" target=\"_blank\" rel=\"noopener\"><img  decoding=\"async\" src=\"https:\/\/oom2023mtbxco.rewosport.pl\/wp-content\/uploads\/2023\/06\/logo-klos.jpg\" class=\"\" title=\"logo oom2023\" alt=\"\"><\/a><\/div><div  class=\"col-xs-6 col-sm-2 col-md-2\"> <a data-cp-link=\"1\" href=\"https:\/\/www.polar.com\/pl\" class=\"\" target=\"_blank\" rel=\"noopener\"><img  decoding=\"async\" src=\"https:\/\/oom2023mtbxco.rewosport.pl\/wp-content\/uploads\/2023\/06\/logo_polar.png\" class=\"\" title=\"logo oom2023\" alt=\"\"><\/a><\/div><\/div><\/div> <\/div><div  id=\"about-1\" style=\"background-color: #f5fafd;\" data-label=\"About\" data-id=\"about-1\" data-export-id=\"about-1\" data-category=\"about\" class=\"about-1 content-section\"><div  class=\"gridContainer\"> <div  class=\"row text-center\"><div  class=\"section-title-col\" data-type=\"column\">  <h2  class=\"\">Wy\u015bcigi MTB XCO Juniorek M\u0142odszych i Junior\u00f3w M\u0142odszych o tytu\u0142y Mistrza Polski<\/h2> <p  class=\"lead\">8 lipca 2023 wy\u015bcigi Juniorek M\u0142odszych i Junior\u00f3w M\u0142odszych w kolarstwie g\u00f3rskim cross country w ramach Og\u00f3lnopolskiej Olimpiady M\u0142odzie\u017cy w sportach letnich \u2013 \u015al\u0105skie 2023 \u2013 o tytu\u0142y Mistrza Polski odb\u0119d\u0119 si\u0119 w WI\u015aLE w O\u015brodku Narciarskim &amp; Bike Parku NOWA OSADA.\n<br ><br >Po 5 latach Wis\u0142a ponownie go\u015bci zawodnik\u00f3w \u015bcigaj\u0105cych si\u0119 w olimpijskiej odmianie kolarstwa g\u00f3rskiego o najwa\u017cniejsze krajowe tytu\u0142y w tej kategorii wiekowej. W 2018 roku wydarzenie odby\u0142o si\u0119 na terenie Hotelu Podium w Wi\u015ble Malince na wymagaj\u0105cej fizycznie i technicznie trasie. W tym roku trasa zapowiada si\u0119 r\u00f3wnie ci\u0119\u017cko, mimo znacznie pi\u0119kniejszych widok\u00f3w \u2013 runda o d\u0142ugo\u015bci 3,2 km i ~200m przewy\u017cszenia, wyznaczona w ca\u0142o\u015bci na terenie Bike Parku Nowa Osada.<\/p><p  class=\"lead\"><i >poni\u017cej kilka zdj\u0119\u0107 autorstwa Velonews.pl z zawod\u00f3w w Wi\u015ble w 2018 roku<\/i><\/p><\/div> <\/div> <div  class=\"row\"> <div  class=\"button-holder space-bottom space-bottom-small\" data-type=\"column\"> <\/div> <div  class=\"col-xs bottom-xs flexbox image-group-bottom-3-img space-bottom-xs center-xs\"> <img  decoding=\"async\" class=\"left-img shadow-large-black\" data-size=\"500x300\" src=\"https:\/\/oom2023mtbxco.rewosport.pl\/wp-content\/uploads\/2023\/05\/cropped-a301cd62-6f79-4a9b-9364-e20f5cbc8921.jpg\" title=\"cropped-a301cd62-6f79-4a9b-9364-e20f5cbc8921.jpg\" alt=\"\"> <img  decoding=\"async\" class=\"center-img shadow-large-black\" data-size=\"500x300\" src=\"https:\/\/oom2023mtbxco.rewosport.pl\/wp-content\/uploads\/2023\/05\/cropped-bacbb10c-4c80-4bb1-864a-6b9c090318ad.jpg\" title=\"cropped-bacbb10c-4c80-4bb1-864a-6b9c090318ad.jpg\" alt=\"\"> <img  decoding=\"async\" class=\"right-img shadow-large-black\" data-size=\"500x300\" src=\"https:\/\/oom2023mtbxco.rewosport.pl\/wp-content\/uploads\/2023\/05\/cropped-422.png\" title=\"cropped-422.png\" alt=\"\"><\/div> <\/div><\/div> <\/div>","protected":false},"excerpt":{"rendered":"<p>kolarstwo g\u00f3rskie \u2013 cross country Fina\u0142owe zawody MTB XCO Og\u00f3lnopolskiej Olimpiady M\u0142odzie\u017cy w sportach letnich \u2013 \u015al\u0105skie 2023 Wis\u0142a \u2013 Nowa Osada Lokalizacja: WIS\u0141A, woj. \u015bl\u0105skie O\u015brodek Narciarski &amp; Bike Park NOWA OSADA 8.07.2023 Termin:&nbsp;7.07.2023 \u2013 oficjalny trening8.07.2023 \u2013 wy\u015bcigi Juniorek M\u0142odszych i Junior\u00f3w M\u0142odszych o tytu\u0142y Mistrza Polski Organizatorzy &amp; Partnerzy Wy\u015bcigi MTB XCO&hellip; <br \/> <a class=\"read-more\" href=\"https:\/\/oom2023mtbxco.rewosport.pl\/\">Dowiedz si\u0119 wi\u0119cej<\/a><\/p>\n","protected":false},"author":1,"featured_media":0,"parent":0,"menu_order":0,"comment_status":"closed","ping_status":"closed","template":"page-templates\/homepage.php","meta":{"footnotes":""},"class_list":["post-11","page","type-page","status-publish","hentry"],"_links":{"self":[{"href":"https:\/\/oom2023mtbxco.rewosport.pl\/index.php\/wp-json\/wp\/v2\/pages\/11","targetHints":{"allow":["GET"]}}],"collection":[{"href":"https:\/\/oom2023mtbxco.rewosport.pl\/index.php\/wp-json\/wp\/v2\/pages"}],"about":[{"href":"https:\/\/oom2023mtbxco.rewosport.pl\/index.php\/wp-json\/wp\/v2\/types\/page"}],"author":[{"embeddable":true,"href":"https:\/\/oom2023mtbxco.rewosport.pl\/index.php\/wp-json\/wp\/v2\/users\/1"}],"replies":[{"embeddable":true,"href":"https:\/\/oom2023mtbxco.rewosport.pl\/index.php\/wp-json\/wp\/v2\/comments?post=11"}],"version-history":[{"count":14,"href":"https:\/\/oom2023mtbxco.rewosport.pl\/index.php\/wp-json\/wp\/v2\/pages\/11\/revisions"}],"predecessor-version":[{"id":93,"href":"https:\/\/oom2023mtbxco.rewosport.pl\/index.php\/wp-json\/wp\/v2\/pages\/11\/revisions\/93"}],"wp:attachment":[{"href":"https:\/\/oom2023mtbxco.rewosport.pl\/index.php\/wp-json\/wp\/v2\/media?parent=11"}],"curies":[{"name":"wp","href":"https:\/\/api.w.org\/{rel}","templated":true}]}}